{"id":79,"date":"2026-08-19T16:37:14","date_gmt":"2026-08-19T16:37:14","guid":{"rendered":"https:\/\/kontornu.com\/?page_id=79"},"modified":"2026-08-23T05:27:41","modified_gmt":"2026-08-23T05:27:41","slug":"festival-kontornu","status":"publish","type":"page","link":"https:\/\/kontornu.com\/?page_id=79","title":{"rendered":"Festival Kontornu"},"content":{"rendered":"<ul class=\"wp-block-latest-posts__list wp-block-latest-posts is-layout-flow wp-block-latest-posts-is-layout-flow\"><li><div class=\"wp-block-latest-posts__featured-image\"><img fetchpriority=\"high\" decoding=\"async\" width=\"950\" height=\"534\" src=\"https:\/\/kontornu.com\/wp-content\/uploads\/2026\/08\/732889353_866335492768488_7322218849797086038_n-2-1024x576.jpeg\" class=\"attachment-large size-large wp-post-image\" alt=\"\" style=\"\" srcset=\"https:\/\/kontornu.com\/wp-content\/uploads\/2026\/08\/732889353_866335492768488_7322218849797086038_n-2-1024x576.jpeg 1024w, https:\/\/kontornu.com\/wp-content\/uploads\/2026\/08\/732889353_866335492768488_7322218849797086038_n-2-300x169.jpeg 300w, https:\/\/kontornu.com\/wp-content\/uploads\/2026\/08\/732889353_866335492768488_7322218849797086038_n-2-1536x864.jpeg 1536w, https:\/\/kontornu.com\/wp-content\/uploads\/2026\/08\/732889353_866335492768488_7322218849797086038_n-2-600x338.jpeg 600w, https:\/\/kontornu.com\/wp-content\/uploads\/2026\/08\/732889353_866335492768488_7322218849797086038_n-2-1200x675.jpeg 1200w, https:\/\/kontornu.com\/wp-content\/uploads\/2026\/08\/732889353_866335492768488_7322218849797086038_n-2.jpeg 1600w\" sizes=\"100vw\" \/><\/div><a class=\"wp-block-latest-posts__post-title\" href=\"https:\/\/kontornu.com\/?p=191\">Festival Kontronu 5\u00aa edi\u00e7\u00e3o 2027<\/a><div class=\"wp-block-latest-posts__post-excerpt\">O&nbsp;Festival Internacional de Dan\u00e7a e Artes Performativas Kontornu&nbsp;\u00e9 o principal projeto da plataforma e acontece anualmente durante o m\u00eas de&nbsp;maio&nbsp;em Cabo Verde. O Festival \u00e9 concebido como uma plataforma internacional de&nbsp;cria\u00e7\u00e3o, circula\u00e7\u00e3o, pensamento e encontro, colocando artistas cabo-verdianos e internacionais em contacto com criadores, companhias, programadores, curadores e institui\u00e7\u00f5es de diferentes geografias. As datas j\u00e1 &hellip; <p class=\"link-more\"><a href=\"https:\/\/kontornu.com\/?p=191\" class=\"more-link\">Read more<span class=\"screen-reader-text\"> &#8220;Festival Kontronu 5\u00aa edi\u00e7\u00e3o 2027&#8221;<\/span><\/a><\/p><\/div><\/li>\n<\/ul>","protected":false},"excerpt":{"rendered":"","protected":false},"author":1,"featured_media":0,"parent":0,"menu_order":0,"comment_status":"closed","ping_status":"closed","template":"","meta":{"_editorskit_title_hidden":false,"_editorskit_reading_time":0,"_editorskit_is_block_options_detached":false,"_editorskit_block_options_position":"{}","inspiro_hide_title":false,"inspiro_hide_featured_image":false,"footnotes":""},"class_list":["post-79","page","type-page","status-publish","hentry"],"featured_media_urls":[],"_links":{"self":[{"href":"https:\/\/kontornu.com\/index.php?rest_route=\/wp\/v2\/pages\/79","targetHints":{"allow":["GET"]}}],"collection":[{"href":"https:\/\/kontornu.com\/index.php?rest_route=\/wp\/v2\/pages"}],"about":[{"href":"https:\/\/kontornu.com\/index.php?rest_route=\/wp\/v2\/types\/page"}],"author":[{"embeddable":true,"href":"https:\/\/kontornu.com\/index.php?rest_route=\/wp\/v2\/users\/1"}],"replies":[{"embeddable":true,"href":"https:\/\/kontornu.com\/index.php?rest_route=%2Fwp%2Fv2%2Fcomments&post=79"}],"version-history":[{"count":3,"href":"https:\/\/kontornu.com\/index.php?rest_route=\/wp\/v2\/pages\/79\/revisions"}],"predecessor-version":[{"id":424,"href":"https:\/\/kontornu.com\/index.php?rest_route=\/wp\/v2\/pages\/79\/revisions\/424"}],"wp:attachment":[{"href":"https:\/\/kontornu.com\/index.php?rest_route=%2Fwp%2Fv2%2Fmedia&parent=79"}],"curies":[{"name":"wp","href":"https:\/\/api.w.org\/{rel}","templated":true}]}}

<ul class="wp-block-latest-posts__list wp-block-latest-posts is-layout-flow wp-block-latest-posts-is-layout-flow"><li><div class="wp-block-latest-posts__featured-image"><img fetchpriority="high" decoding="async" width="950" height="534" src="https://kontornu.com/wp-content/uploads/2026/08/732889353_866335492768488_7322218849797086038_n-2-1024x576.jpeg" class="attachment-large size-large wp-post-image" alt="" style="" srcset="https://kontornu.com/wp-content/uploads/2026/08/732889353_866335492768488_7322218849797086038_n-2-1024x576.jpeg 1024w, https://kontornu.com/wp-content/uploads/2026/08/732889353_866335492768488_7322218849797086038_n-2-300x169.jpeg 300w, https://kontornu.com/wp-content/uploads/2026/08/732889353_866335492768488_7322218849797086038_n-2-1536x864.jpeg 1536w, https://kontornu.com/wp-content/uploads/2026/08/732889353_866335492768488_7322218849797086038_n-2-600x338.jpeg 600w, https://kontornu.com/wp-content/uploads/2026/08/732889353_866335492768488_7322218849797086038_n-2-1200x675.jpeg 1200w, https://kontornu.com/wp-content/uploads/2026/08/732889353_866335492768488_7322218849797086038_n-2.jpeg 1600w" sizes="100vw" /></div><a class="wp-block-latest-posts__post-title" href="https://kontornu.com/?p=191">Festival Kontronu 5ª edição 2027</a><div class="wp-block-latest-posts__post-excerpt">O&nbsp;Festival Internacional de Dança e Artes Performativas Kontornu&nbsp;é o principal projeto da plataforma e acontece anualmente durante o mês de&nbsp;maio&nbsp;em Cabo Verde. O Festival é concebido como uma plataforma internacional de&nbsp;criação, circulação, pensamento e encontro, colocando artistas cabo-verdianos e internacionais em contacto com criadores, companhias, programadores, curadores e instituições de diferentes geografias. As datas já &hellip; <p class="link-more"><a href="https://kontornu.com/?p=191" class="more-link">Read more<span class="screen-reader-text"> &#8220;Festival Kontronu 5ª edição 2027&#8221;</span></a></p></div></li>
</ul>
